8876?
28
What is the greatest common factor of 1507016 and 85482?
3166
Calculate the greatest common divisor of 60828 and 3552.
444
Calculate the greatest common divisor of 9469 and 3791.
17
Calculate the greatest common factor of 53148 and 14964.
516
What is the highest common factor of 13072 and 38?
38
Calculate the highest common factor of 50 and 1653425.
25
What is the greatest common factor of 222 and 37851?
111
Calculate the greatest common factor of 17908 and 726.
242
Calculate the greatest common factor of 33153 and 30840.
771
Calculate the greatest common factor of 112 and 108724.
28
What is the highest common factor of 17820 and 924?
132
Calculate the greatest common divisor of 15200 and 360.
40
Calculate the greatest common divisor of 582 and 666.
6
Calculate the highest common factor of 163056 and 1422.
474
What is the highest common factor of 966 and 22908?
138
What is the greatest common factor of 15 and 24846090?
15
Calculate the highest common divisor of 2030 and 5915.
35
What is the highest common divisor of 3 and 181197?
3
What is the greatest common factor of 820 and 60516?
164
Calculate the highest common divisor of 160400 and 160.
80
Calculate the highest common divisor of 4392 and 30.
6
What is the greatest common divisor of 179341 and 19?
19
What is the highest common divisor of 22 and 163537?
11
Calculate the greatest common factor of 6705 and 7599.
447
What is the greatest common divisor of 23148 and 36?
36
What is the highest common divisor of 1027221 and 13?
13
Calculate the highest common factor of 11544 and 16952.
104
What is the greatest common divisor of 77361 and 535?
107
Calculate the highest common divisor of 48352 and 32.
32
What is the greatest common divisor of 918436 and 322?
46
What is the greatest common factor of 18980 and 2405?
65
Calculate the highest common divisor of 192 and 488124.
12
Calculate the greatest common divisor of 32450 and 24750.
550
What is the greatest common factor of 405235 and 35?
5
What is the highest common factor of 162 and 229464?
18
Calculate the greatest common divisor of 5460 and 186095.
455
What is the highest common factor of 78 and 36933?
39
Calculate the greatest common factor of 265503 and 12912.
807
Calculate the greatest common divisor of 31 and 71765.
31
What is the highest common divisor of 1070 and 470?
10
What is the highest common factor of 1482 and 1053?
39
Calculate the greatest common factor of 339 and 81925.
113
Calculate the highest common factor of 882 and 82124.
98
Calculate the greatest common factor of 73 and 559326.
73
Calculate the greatest common divisor of 85 and 164315.
5
What is the greatest common factor of 5733 and 35334?
117
What is the highest common divisor of 658 and 596477?
329
What is the greatest common divisor of 26722752 and 48?
48
Calculate the highest common factor of 113509 and 15521.
187
Calculate the highest common factor of 120 and 1245.
15
What is the highest common factor of 5120 and 123320?
40
Calculate the highest common divisor of 5614 and 518092.
802
What is the highest common divisor of 42231 and 77?
7
What is the greatest common factor of 1565 and 153683?
313
Calculate the greatest common divisor of 6 and 570597.
3
What is the greatest common divisor of 14252 and 21887?
509
Calculate the greatest common divisor of 1598 and 170422.
94
Calculate the highest common factor of 611 and 12925.
47
Calculate the greatest common factor of 14 and 90391.
7
Calculate the greatest common divisor of 88 and 5540.
4
What is the greatest common divisor of 39 and 134823?
39
Calculate the greatest common divisor of 1859 and 3575.
143
What is the greatest common factor of 321 and 15406716?
321
What is the highest common divisor of 139 and 1123259?
139
What is the highest common factor of 220 and 4015?
55
Calculate the greatest common factor of 1197 and 825531.
399
What is the greatest common factor of 390 and 2574?
78
What is the greatest common factor of 12 and 18192?
12
What is the greatest common divisor of 737674 and 126?
14
Calculate the greatest common divisor of 364 and 875.
7
Calculate the greatest common divisor of 779 and 5700.
19
What is the greatest common factor of 8253 and 142266?
393
Calculate the highest common divisor of 3080 and 8120.
280
Calculate the greatest common factor of 4903104 and 384.
192
What is the highest common divisor of 104 and 661752?
104
What is the highest common divisor of 7410 and 69030?
390
Calculate the greatest common divisor of 9 and 777429.
9
Calculate the greatest common factor of 1387 and 1168.
73
Calculate the highest common factor of 1478 and 1152101.
739
What is the greatest common divisor of 436 and 44581?
109
What is the highest common factor of 6808 and 547193?
851
What is the highest common divisor of 6 and 663486?
6
What is the highest common divisor of 663258 and 18?
6
Calculate the greatest common divisor of 12068 and 1071.
7
What is the greatest common divisor of 53 and 2828080?
53
Calculate the highest common divisor of 26 and 176969.
13
Calculate the highest common divisor of 22285 and 65.
5
Calculate the highest common factor of 5490 and 20.
10
Calculate the highest common factor of 152 and 74499.
19
What is the highest common factor of 395 and 29065?
5
Calculate the greatest common factor of 18526 and 39878.
314
Calculate the highest common divisor of 21368 and 24.
8
Calculate the highest common divisor of 5832 and 348.
12
Calculate the greatest common factor of 4089 and 1551.
141
What is the highest common divisor of 2891 and 331191?
49
Calculate the highest common divisor of 13040 and 33415.
815
Calculate the highest common factor of 204 and 12342.
102
Calculate the highest common factor of 154 and 686.
14
Calculate the greatest common divisor of 3942 and 943014.
438
Calculate the highest common factor of 22344 and 343.
49
Calculate the greatest common factor of 215 and 1077709.
43
Calculate the highest common divisor of 76712 and 301.
43
Calculate the highest common divisor of 3355 and 47275.
305
What is the highest common factor of 52045 and 105?
35
Calculate the greatest common divisor of 109823 and 203.
203
Calculate the greatest common factor of 482192 and 256.
16
What is the highest common divisor of 302 and 84862?
302
Calculate the highest common divisor of 11798 and 56908.
694
Calculate the highest common factor of 190 and 228.
38
Calculate the greatest common factor of 776 and 640.
8
Calculate the highest common factor of 2120465 and 5.
5
What is the highest common factor of 2793 and 59052?
399
Calculate the greatest common factor of 30 and 38358.
6
Calculate the greatest common factor of 81663 and 15648.
489
Calculate the highest common divisor of 410 and 4987814.
82
Calculate the greatest common divisor of 7018 and 1508.
58
What is the greatest common factor of 5168 and 11288?
136
Calculate the highest common divisor of 68 and 7951.
1
Calculate the greatest common factor of 240 and 13035.
15
What is the highest common divisor of 6 and 58664?
2
What is the highest common divisor of 5083 and 92?
23
What is the highest common factor of 250 and 48875?
125
What is the highest common divisor of 22704 and 154?
22
Calculate the highest common divisor of 352 and 57134.
22
Calculate the highest common divisor of 11 and 987613.
11
Calculate the greatest common divisor of 5180 and 104636.
1036
What is the highest common divisor of 1540 and 7210?
70
What is the highest common factor of 37759 and 122?
61
Calculate the greatest common factor of 408463 and 22.
11
What is the highest common factor of 87000 and 1218?
174
What is the highest common factor of 20967 and 870?
87
What is the highest common factor of 154812 and 2356?
76
What is the greatest common divisor of 11985 and 3?
3
Calculate the greatest common divisor of 209 and 24519.
11
What is the greatest common divisor of 493 and 6438?
29
What is the greatest common divisor of 323 and 2631804?
323
Calculate the greatest common factor of 367103 and 253.
253
What is the highest common factor of 6120 and 56?
8
What is the highest common factor of 6 and 801426?
6
What is the highest common divisor of 1203 and 57343?
401
Calculate the highest common factor of 6 and 2923233.
3
What is the greatest common factor of 95 and 7999?
19
Ca